 0*h + h. Let z be a(-5). Let p = z + 8. What is the remainder when 11 is divided by p?
3
Calculate the remainder when 15 is divided by (1/1)/((-6)/((-108)/3)).
3
Suppose -147 = -5*w + 323. What is the remainder when w is divided by 24?
22
Suppose -6 = b + 36. Let v = 62 + b. Calculate the remainder when 38 is divided by v.
18
Suppose -4*h - 4 = 0, 5*y + 2*h = h + 34. What is the remainder when 26 is divided by y?
5
Let p(u) = -2*u**2 - 18*u - 9. What is the remainder when 23 is divided by p(-8)?
2
Let c(r) = -4 + 0*r - 4*r - 10*r. Let q = 0 - 4. What is the remainder when c(q) is divided by 18?
16
Let j = 91 + -11. Let h(p) = -p**3 + p - 3. What is the remainder when j is divided by h(-3)?
17
Calculate the remainder when 1*-4 + 175 + -18 is divided by 39.
36
Let q(h) = -h + 22. What is the remainder when q(20) is divided by 1?
0
Let o = 6 + 14. What is the remainder when o is divided by 11?
9
Let v be -2 + 1 - -1*6. Suppose -v*a + s + 48 = 0, -4*a + a - 5*s + 40 = 0. Calculate the remainder when a is divided by (-96)/(-45) - 4/30 - -2.
2
Suppose -b = -0*b - 5. Suppose 28 = b*v - v. Calculate the remainder when 12 is divided by v.
5
Let l = 0 - -6. Suppose l*v = 3*v + 45. Suppose 5*s - 218 = -i, -3*s + 3*i + 120 = -0*i. Calculate the remainder when s is divided by v.
13
Let h = -18 + 29. Let q = h + 4. What is the remainder when q is divided by 8?
7
Suppose -30 = x + 3*v, -2*v - 60 = 2*x + 3*v. What is the remainder when 131 is divided by (-3 - -1) + 5 - x?
32
Let s(b) = -b**2 - 3*b + 9. Let q be s(-6). What is the remainder when 42 is divided by q/15 - 468/(-30)?
12
Suppose -2*q = 5*v - 3*v - 40, q - 4*v - 30 = 0. Let o(d) = -d**3 - d**2 + 8. Calculate the remainder when q is divided by o(0).
6
Suppose 0 = 4*m + m - s - 117, -m = 5*s - 39. Calculate the remainder when 94 is divided by m.
22
Let s be -1 + 7/((-21)/(-12)). Suppose -k = -2*h - s*k + 14, 3*h + 5*k - 21 = 0. Let m(b) = -b**2 + 9*b - 5. Calculate the remainder when m(6) is divided by h.
6
Let q(c) = 6*c**2 + 2*c + 6. Calculate the remainder when q(-2) is divided by 9.
8
Suppose 5*s = 3*y - 64, 3*s = -5*y - 0*s + 84. Let v = -176 + 247. What is the remainder when v is divided by y?
17
Suppose 4*h - 20 = 84. Calculate the remainder when h is divided by (-3)/(1*(-2)/6).
8
Let w(h) = 4*h**2 - h + 12. What is the remainder when w(-5) is divided by 31?
24
Suppose -6*n - 6 = -3*n, -17 = -3*x - 5*n. What is the remainder when 24 is divided by x?
6
Let v be 0/(-1) + 3 - 8. Let m(r) = 5*r**2 - 3*r - 2. Let y be m(-2). Let x = y + v. What is the remainder when 56 is divided by x?
18
Let h(z) = 2*z**2 - 4. Let t(v) = -3*v + 23. What is the remainder when t(-6) is divided by h(3)?
13
Let t = -11 - -48. Suppose t + 93 = 2*z. What is the remainder when z is divided by 17?
14
Let n(t) = -t**2 - 2*t + 3. Let s be n(-3). Suppose s*b + 11 = b. What is the remainder when 30 is divided by b?
8
Let t = 10 - 8. Let r = -16 + 25. What is the remainder when t is divided by ((-12)/r)/((-2)/3)?
0
Let t = -42 + 64. Suppose -2*k + t = -0*k. Calculate the remainder when (38 + 2)/(8 + -6) is divided by k.
9
Calculate the remainder when 1 + (-136)/(-2) + (20 - 16) is divided by 15.
13
Let k = -18 - -39. What is the remainder when 16/7 + (-6)/k is divided by 1?
0
Suppose -5*n = -5 - 25. Calculate the remainder when (0 - (2 - 2)) + 2 is divided by -3*(-1)/(n/4).
0
What is the remainder when 18 is divided by (-3)/(2/14*(-4 - -1))?
4
Let z = -7 - -38. Calculate the remainder when z is divided by 8.
7
Let w = 27 - -30. Calculate the remainder when w is divided by 15.
12
Suppose -35 = -5*a + 10. Calculate the remainder when 32 is divided by a.
5
Suppose -i + 10 + 11 = 0. Suppose 4*t - 2*x + 14 = 0, -4*t + 3*x = i - 4. Calculate the remainder when 14 is divided by (-4)/t - (-3)/1.
4
What is the remainder when 33 is divided by 2*(5 - 4) + 17?
14
Calculate the remainder when (34 + 7)/((-3)/(-3)) is divided by 11.
8
Let t be 4/(-10) + 4/10. Suppose t = -2*k - 3*k + 45. Calculate the remainder when 3 - (-2 - 0 - (2 + 9)) is divided by k.
7
Let p = -26 + 52. Let r(b) = -b**3 - 9*b**2 - 10*b - 7. Calculate the remainder when p is divided by r(-8).
8
Calculate the remainder when -2 + 10/(-5) + 20 is divided by 4.
0
Let v(h) = h**3 + 8*h**2 + 8*h - 5. Calculate the remainder when v(-6) is divided by 12.
7
Let x = -35 - -55. What is the remainder when 61/5 + (-4)/(-5) is divided by (2 + -1)*x/4?
3
Let f be ((-4)/(-6))/((-2)/12). Let v = -3 - f. What is the remainder when (1/(-1))/((-2)/4) is divided by v?
0
Let l(k) = -k**2 + 10*k - 11. Let m be l(7). Calculate the remainder when 6/(-10) - (-226)/m is divided by 8.
6
Suppose 3*t = 3*v - 30, -5 = 5*t + 5. What is the remainder when 29 is divided by v?
5
Let l(g) = -g**3 + 6*g**2 + 4*g - 12. Calculate the remainder when 23 is divided by l(6).
11
What is the remainder when 34 is divided by ((-36)/(-21))/((-4)/(-14))?
4
Let c(u) = u**3 + 14*u**2 - 17*u + 2. What is the remainder when c(-15) is divided by 12?
8
Let o(r) = 8*r**2 + 2*r - 3. Calculate the remainder when o(-3) is divided by 22.
19
Let o be -12*(-2 - 20/(-12)). Suppose -c + o*p = -36, 54 = 2*c - c + 5*p. What is the remainder when c is divided by 23?
21
Let h(v) = 2*v - 10. Calculate the remainder when 17 is divided by h(8).
5
Suppose -4*r - 2*i + 146 = 0, -3*r - 3*i = -8*i - 77. What is the remainder when r is divided by 18?
16
Suppose -25 = -5*c - 0*c. Suppose 0 = -2*a - a - 4*g + 53, 4*a = 4*g + 80. Calculate the remainder when a is divided by c.
4
Suppose 11 = -5*o + d + 67, 5*o - 3*d = 48. Calculate the remainder when 32 is divided by o.
8
Suppose -3*r = 4*s - 75, -3*s - r = -4*s + 17. Suppose 5*d = 10 + 40. What is the remainder when s is divided by d?
8
Suppose -7*m - 10*m = -2397. Calculate the remainder when m is divided by 18.
15
Let n(j) = -j**3 - j**2 + 2*j + 2. Let u be n(-2). Suppose l = -d + 21, l - u*d - 31 = -d. Let a = l - 13. Calculate the remainder when a is divided by 4.
1
Let c(a) = -6*a - 2. Let z be c(-2). Let o be (-4)/z - (-6)/15. Suppose -2*g - 29 + 153 = o. Calculate the remainder when g is divided by 21.
20
Let f = 2 - 0. Suppose -q = -f*r - 0*r - 13, 4*q - 5*r = 52. Let o = 9 - 2. What is the remainder when q is divided by o?
6
Let c(h) = 3*h - 1. Suppose -3*f + 3*q + 87 = 0, -f - q + 7 = -28. What is the remainder when f is divided by c(6)?
15
Suppose -3*b = 3*r + 3, 0 = -2*r - 4*b - 9 - 3. Suppose -8 - 38 = -3*a + 4*q, 0 = 5*a + 4*q - 98. Calculate the remainder when a is divided by r.
2
Let x be 8/(-16) - (-17)/2. Let g(y) = -y**3 + 8*y**2 + 7*y - 12. What is the remainder when g(x) is divided by 15?
14
Let w(d) = 6*d**2 - 6*d + 3. What is the remainder when w(4) is divided by 26?
23
Suppose 7 = -5*q + 2. Let z(k) = k + 8. Calculate the remainder when 7 - ((-3 - -3) + q) is divided by z(-5).
2
Let a(y) = y**3 - 4*y**2 + 3*y - 3. Suppose 0 = -2*z + 6, j + 2*z - 5 = 6. Calculate the remainder when a(4) is divided by j.
4
Suppose -6 = -2*k + 3*v + 2, -4*v + 29 = 3*k. What is the remainder when 26 is divided by k?
5
Let r = 141 + -94. What is the remainder when r is divided by 7?
5
Suppose 3*o + 0*o = 0. Suppose -h - h + 4 = o. Calculate the remainder when 3 is divided by h.
1
Calculate the remainder when (76/12 + -2)*9 is divided by 21.
18
Let k be (194/4)/(3/6). Suppose 4*s - 3*t = -801, s + k + 82 = 5*t. Calculate the remainder when 24 is divided by (-2)/(-8) - s/16.
11
Let n be (2/4)/((-2)/(-48)). Suppose 4*m - n - 40 = 0. What is the remainder when m is divided by 1 + (-5)/(10/(-12))?
6
Let p(q) = q**3 + q + 2. Let h be p(0). Suppose 5*i + 70 = 5*z, -i - h*i + 18 = z. What is the remainder when 27 is divided by z?
12
Let i = -15 - -23. Suppose -4*b + 71 = -45. Suppose 13 + b = 3*q. What is the remainder when q is divided by i?
6
Suppose -h + 10 = 4*h. Suppose -2 = -h*l + 2. Suppose -4*r + 2*r + l = 0. What is the remainder when 3 is divided by r?
0
Let m = 7 - 3. Suppose m*z - 40 = 2*z. Calculate the remainder when z is divided by 7.
6
Let l(s) = 66*s**2 + 2*s - 1. Let o be l(2). Calculate the remainder when 2/(-5) - o/(-5) is divided by 14.
11
Suppose 0 = c + 3*c - 44. Let q = 15 - c. What is the remainder when q is divided by (-6)/(-48) - 30/(-16)?
0
Suppose 2*w = -8*a + 12*a + 35